 - (-96)/n?
3
Let x = 13011 - 7740. Suppose -d + 5*o = -1777, -3*d - 3*o + x = -6*o. What is the hundreds digit of d?
7
Suppose 3*o = 2*b - 6, 2*b + 3*b = o + 15. Suppose -3*z - 331 = -y, 0*y + 4*z - 1032 = -b*y. Let m = y + -139. What is the units digit of m?
1
What is the thousands digit of (-68)/119 - 21417/(-7)?
3
Suppose 2 + 28 = -3*d - 3*q, -3*q + 18 = -5*d. Suppose 16*c = 15*c - 1. What is the tens digit of (-906)/d - 4/(c + 3)?
4
Let r(t) be the first derivative of 19*t**3 + t**2/2 + 64. What is the tens digit of r(-2)?
2
Let n = 48891 + -30704. What is the tens digit of n?
8
Suppose 8 - 2 = 2*w. Suppose 0 = -3*h - 5*m + w, 0*h = -h + 4*m + 18. What is the units digit of ((-4)/(-3))/2 + 566/h?
5
Suppose 283*g + 26078 = 317*g. What is the tens digit of g?
6
Let f(p) = 6*p - 27. Let g be f(5). Suppose g*x - 1260 = 552. Suppose -x = -0*v - 4*v. What is the tens digit of v?
5
Let w be (1/2)/(7/42). Suppose 1748 - w = 5*j. What is the units digit of j?
9
Let o = -162 - -174. What is the hundreds digit of (60 - -1)/(6/o)?
1
Suppose 5*w + 4*i - 7*i - 47 = 0, -2*w + i + 19 = 0. Let v(g) = 62*g + 209. What is the hundreds digit of v(w)?
8
Let s(v) be the first derivative of v**4/2 - 2*v**3/3 - v**2/2 - 9*v - 137. Suppose 2*h = -2*h + 12. What is the tens digit of s(h)?
2
Let a = -44971 + 66614. What is the units digit of a?
3
Let s = 13963 - -30025. What is the ten thousands digit of s?
4
Suppose 4*k + 54526 = 10*h, -3*h = -7*h + 3*k + 21802. What is the thousands digit of h?
5
Suppose 5*t - 3067 = -7*y, 0*t + y + 1835 = 3*t. What is the units digit of t?
2
Let a = -219 - -213. What is the tens digit of (-328 + a - -7)*-1?
2
Let h = -1418 - -2301. Suppose -5*o - h = 4*w, 5*w - 2*o + 1160 = 3*o. Let r = w - -330. What is the hundreds digit of r?
1
Let n = -60376 + 106963. What is the ten thousands digit of n?
4
What is the units digit of (-9 + ((-250)/(-35) - -3))/(4/117082)?
2
Let i be 15/(-10) - 2*(-6)/8. What is the units digit of (-81)/54*(-18 - i)?
7
Let l = 60 + -50. Suppose -8*k = -l*k + 1188. Let v = -411 + k. What is the hundreds digit of v?
1
Let v be (-112)/(-280) - (-1596)/10. Let u = -99 - -22. Let r = u + v. What is the tens digit of r?
8
Suppose 0 = t + 3*l - 33 - 38, -t - l = -77. What is the hundreds digit of (-12906)/(-30) - (-4)/t*-4?
4
Let u = -18 + 28. Suppose -5366 - 5774 = -u*p. What is the hundreds digit of p?
1
Suppose -489539 = 69*h - 1348434 - 1416932. What is the hundreds digit of h?
9
Suppose -4*f - 66 = -3*y, 4*f - 2*f + 60 = 3*y. Let r be (12/y)/(2/36). Let c(l) = 2*l + 24. What is the units digit of c(r)?
8
Suppose 169*g - 171*g - 7378 = -4*b, -3*b + 5516 = 2*g. What is the units digit of b?
2
Let x be (3/(-6)*-2)/((-2)/(-8)). Suppose -2*a - 2*k = 2, -x*a - 9 = 5*k - 1. Suppose -z + 4*m = -240, -5*z + a*z + 515 = -m. What is the hundreds digit of z?
2
Suppose 7*d + 2*j - 11 = 8*d, -d + 4 = -5*j. Let p(c) = -8*c - 79. What is the units digit of p(d)?
9
Let y(d) = 3*d**2 - 20*d + 240. What is the thousands digit of y(-15)?
1
What is the tens digit of (-364362)/12*19/((-266)/28)?
2
Let s be (-1 - -1)/(4 + 6 + -13). Let q(a) = a**3 - a**2 - a + 1162. What is the thousands digit of q(s)?
1
Let c = 146 - 153. Let g(m) be the third derivative of -13*m**4/24 - 7*m**3/6 - 3*m**2. What is the units digit of g(c)?
4
Suppose 2*h - 3*y - 165765 = 0, -43 = 2*y - 41. What is the hundreds digit of h?
8
Suppose -33*h + 170577 = -1222287. What is the ten thousands digit of h?
4
Suppose -5*u - 2*b + 22831 = -19901, u - 5*b = 8568. What is the thousands digit of u?
8
Let w be -55*(-8)/(-2) + 0. Let z = w - -289. What is the tens digit of z?
6
Let l = 206 + 198. Suppose -5*n = -d + l, -108*n + 104*n + 12 = 0. What is the hundreds digit of d?
4
Suppose 27*q = -13 + 148. Suppose 3*n - q*h - 20 + 6 = 0, -5*h + 10 = 5*n. What is the units digit of n?
3
Suppose -9*r + 10*r - 2*j - 47513 = 0, 142547 = 3*r - 5*j. What is the ten thousands digit of r?
4
Let z(c) be the third derivative of c**6/120 - c**5/5 + 11*c**4/24 + 11*c**3/3 - 20*c**2. What is the tens digit of z(11)?
2
Let u(t) = 16*t - 37. Let v(j) = 2. Let p(k) = u(k) - 5*v(k). What is the tens digit of p(7)?
6
Let u(o) = -3*o + 36. Let q(f) = 1. Let c(j) = 4*q(j) - u(j). Let y be c(13). What is the units digit of (-42)/y*(-5)/3?
0
What is the tens digit of ((-40)/(-12) - 19159/(-204))*664?
7
Suppose 2*v + 2 = -l - 2, 0 = 3*l + 2*v. Suppose -10*g + 72 = -l*g. What is the units digit of (-3)/(-9) - 1 - (-339)/g?
7
Let p(h) = 69*h + 119. Let c(b) = -17*b - 30. Let t(q) = 9*c(q) + 2*p(q). Let o be t(-9). Suppose l - 5*a - o = -a, 0 = -a. What is the tens digit of l?
0
Let u be (-1221)/(-99) + (-2)/(-3). What is the tens digit of ((-1550)/13)/(-5) + 2/u?
2
Suppose 4*p = 5*s - 220, 33 = s - 4*p + 5. Suppose 18 - s = -6*r. Suppose -4*c = -c + 12, -r*c + 208 = 4*f. What is the tens digit of f?
5
Suppose p + 3*y = -89, -2*p - 4*y = -0*p + 174. Let f = -59 - p. What is the hundreds digit of (-958)/(-7) + -1 + f/21?
1
Let v = -72 + 126. Let o = 92 - v. Let c = o - 14. What is the tens digit of c?
2
Let s(n) = n**2. Let z(m) = -3*m**3 + 5*m**2 - 3*m - 5. Let v(h) = -6*s(h) + z(h). Let t be v(-6). Suppose -73 = 3*p - t. What is the hundreds digit of p?
1
Let m(x) = x**2 + 20*x - 125. Suppose 3*n = 3*q + 54, -31*n = -33*n - q + 42. What is the tens digit of m(n)?
7
Let k(c) = 245*c**2 - 47*c - 306. What is the units digit of k(-7)?
8
Let r(j) be the first derivative of -3*j**4/4 - 4*j**3/3 + 3*j**2/2 + 3*j + 31. Let g be r(-2). Suppose 15*u - g*u = 2370. What is the hundreds digit of u?
2
What is the hundreds digit of 236/(-59)*(7/((-84)/6975) - 2)?
3
Let p(y) = -294*y + 3716. What is the tens digit of p(-28)?
4
Let w = 102 - -68. What is the units digit of -2 + (w - 12/(-6))?
0
What is the tens digit of (-70)/(-42) - (-35899)/3?
6
Let r(j) = j**2 - 5*j + 14. Let t be r(0). Let u be 830/t + 14/(-49). Let z = 143 - u. What is the tens digit of z?
8
Let z(i) = 46*i**3 + 3*i**2 - 4*i + 1. Let s be 0 + -2 + 4 - (-1 + 0). Suppose x + 10 = -x, s*d = -5*x - 22. What is the tens digit of z(d)?
4
Suppose 4*r = 15*v - 20*v + 107554, -86068 = -4*v + 3*r. What is the ten thousands digit of v?
2
Let n be (-237)/(-21) + (-4)/14. Let a(z) = z**3 - 11*z**2 + 59*z - 270. Let m be a(14). Suppose -3*d + n*d = m. What is the units digit of d?
3
Let f = 228 + -809. What is the tens digit of f*((-2668)/2093 + (-4)/26)?
3
Suppose 0*g + 3*g + 113 = -2*o, -4*g = 4*o + 148. Let h = g + 42. Suppose -k = -2*j + 98, -2*j + 3*j - 49 = h*k. What is the units digit of j?
9
What is the tens digit of 7716/10 + (-2)/8*(-96)/(-40)?
7
Let g(x) = 32*x**3 + 3*x - 2. Let v be g(1). Let n = 32 - v. What is the tens digit of (32 + 8)*n/2*-2?
4
Let x(q) = 978*q - 3102. What is the units digit of x(27)?
4
Let v = -4196 + 53962. What is the tens digit of v?
6
What is the ten thousands digit of (-16)/(-6)*(823*-1)/(82/(-492))?
1
Suppose -4*q = -189 + 157. What is the units digit of 56430/66 - 1*q?
7
Suppose -n - 3 + 5 = -3*f, f + 8 = 4*n. Suppose -2*y + 0*y = 94. Let h = n - y. What is the units digit of h?
9
Let k be 3311/56 + (-2)/16. Let u = -48 + k. Let b(g) = 9*g + 34. What is the units digit of b(u)?
3
Let g = 681 + 1975. Suppose 10*f = -5*z + 5*f + 3320, g = 4*z + 2*f. What is the tens digit of z?
6
Suppose -11 = -4*n + 5. Suppose -71 = -21*p + 34. Suppose p*h - 3*a + 148 = 423, 0 = n*h - a - 220. What is the tens digit of h?
5
Let l(w) = -19*w**2 - 3*w - 6. Let x(i) = -57*i**2 - 9*i - 17. Let y(s) = 11*l(s) - 4*x(s). Suppose -g + 4*g = 4*k, g - 7 = -k. What is the units digit of y(k)?
2
Suppose 0 = -2*u + 3*y + 279, 566 = 4*u + 2*y - 0*y. Let a = u + 18. What is the hundreds digit of a?
1
Suppose -2732*k - 173895 = -2747*k. What is the tens digit of k?
9
Suppose 0 = 16*k - 13*k - 24. Let a(r) = -10*r + 19. Let i be a(k). Let d = 160 + i. What is the units digit of d?
9
What is the hundreds digit of (-5217588)/(-540) + (-3)/15?
6
Suppose -3*g - 3*g = -0*g. Let p be 346 - (2/(-1) + g). What is the units digit of (2 - p/(-9))/((-18)/(-81))?
3
Let u = -13 - -23. Let z be (-172)/20 - 4/u. What is the tens digit of 318*(-1 + (-12)/z)?
0
Let v(b) = -5*b. Let w be v(4). Let z(r) = -r**2 + r + 295. Let a be z(-19). Let y = w - a. What is